{"id":1072,"date":"2020-05-13T14:42:42","date_gmt":"2020-05-13T14:42:42","guid":{"rendered":"http:\/\/psicoterapialisboa.com\/psicoterapialisboa\/?page_id=1072"},"modified":"2020-06-01T17:44:43","modified_gmt":"2020-06-01T17:44:43","slug":"privacy-policy","status":"publish","type":"page","link":"https:\/\/psicoterapialisboa.com\/psicoterapialisboa\/en\/privacy-policy\/","title":{"rendered":"Privacy policy"},"content":{"rendered":"<p>TheOwner guarantees the User of this Site respect for their privacy.<\/p>\n<p>&nbsp;<\/p>\n<p>A visit to this Site, by itself, does not automatically imply the registration, of any personal data that identifies the User. However, the use of certain content or services may require the provision of personal data by the User.<\/p>\n<p>&nbsp;<\/p>\n<p>This Privacy Policy is an integral part of the Terms of Use and regulates the collection and processing of personal data provided by User, as well as the exercise of their rights in relation to this data, under the terms of the Personal Data Protection Act in force.<\/p>\n<p>&nbsp;<\/p>\n<p><strong>Data Collection and Processing<\/strong><\/p>\n<p>The Owner is responsible for the collection and processing of User\u2019s personal data.<\/p>\n<p>&nbsp;<\/p>\n<p>The personal data collected will be processed and stored by the Owner or by the entities subcontracted by it, and are intended to respond to the User\u2019s requests for scheduling consultations, as well as their comments, requests for clarification and suggestions.<\/p>\n<p>&nbsp;<\/p>\n<p>The personal data collected will be kept in a way that allows the User\u2019s identification only for the period necessary to fulfil the purposes for which the data was provided for or further processing, after which it will be deleted.<\/p>\n<p>&nbsp;<\/p>\n<p>The Owner assumes that the rightful User provided the data collected, that they were duly authorised to provide it, and that all data provided is true and correct.<\/p>\n<p>&nbsp;<\/p>\n<p><strong>Right of Access<\/strong><\/p>\n<p>Under the terms of the law, the User is guaranteed the right to access, update and rectify their personal data, as well as the right to object to itsprocessing, upon written request addressed to <a href=\"mailto:Consulta@PsicoterapiaLisboa.com\">Consulta@PsicoterapiaLisboa.com<\/a>.<\/p>\n<p>&nbsp;<\/p>\n<p><strong>Data Communication<\/strong><\/p>\n<p>The Owner may communicate personal data to third parties provided that to do sothe Ownerhas unequivocally obtained the User\u2019s consent or in the following cases:<\/p>\n<p>&nbsp;<\/p>\n<ul>\n<li>the data communication is carried out within the scope of compliance with a legal obligation, a resolution of the National Data Protection Commission or a court order;<\/li>\n<li>the data communication is carried out to protect the vital interests of the User or any other legitimate purpose provided for by law.<\/li>\n<\/ul>\n<p>&nbsp;<\/p>\n<p><strong>Security Measures<\/strong><\/p>\n<p>The Owner does its best to protect User\u2019s personal data from unauthorized access via the Internet. For this purpose, the Owner uses security systems, rules and other procedures, in order to guarantee the protection of personal data, as well as to prevent unauthorized access to data, improper use, disclosure, loss or destruction.<\/p>\n<p>&nbsp;<\/p>\n<p>However, it is the User\u2019s responsibility to guarantee and ensure that the computer the User is using is adequately protected against harmful software, computer viruses and worms. In addition, the User should be aware that, without the appropriate adoption security measures (for example, the secure configuration of web browsers, updated antivirus software, security firewall software and non-use of software of dubious origin), the risk of personal data and passwords being accessed by third parties, without authorization to do so, is aggravated.<\/p>\n<p>&nbsp;<\/p>\n<p>It should further be noted that whenever data collection is carried out on an open network, such as the Internet, data might circulate without security conditions, with the risk of it being seen and used by unauthorized third parties.<\/p>\n<p>&nbsp;<\/p>\n<p><strong>Changes to the Privacy Policy<\/strong><\/p>\n<p>The Owner reserves the right, without prior notice, to change this Privacy Policy.<\/p>\n<p>&nbsp;<\/p>\n<p>Any changes will be immediately posted on these Terms of Use.<\/p>\n<!--themify_builder_content-->\n<div id=\"themify_builder_content-1072\" data-postid=\"1072\" class=\"themify_builder_content themify_builder_content-1072 themify_builder tf_clear\">\n    \t\t\t\t<div  data-lazy=\"1\" class=\"module_row themify_builder_row tb_9ow6384 tb_first tf_w\">\n\t\t\t\t\t\t<div class=\"row_inner col_align_top tb_col_count_1 tf_box tf_rel\">\n\t\t\t\t\t\t<div  data-lazy=\"1\" class=\"module_column tb-column col-full tb_yq8d386 first\">\n\t\t\t\t\t<!-- module text -->\n<div  class=\"module module-text tb_wfw5859   \" data-lazy=\"1\">\n\t    <div  class=\"tb_text_wrap\">\n\t\t<p>La Dra. Susana Pe\u00f1uelas, con domicilio social en Lisboa (en adelante LA TITULAR), como titular de la p\u00e1gina www.PsicoterapiaLisboa.com (en adelante, el SITIO WEB) y en su condici\u00f3n de responsable, garantiza la privacidad y confidencialidad de todos los datos de car\u00e1cter personal que puedan ser aportados libre y voluntariamente por los usuarios del SITIO WEB y a estos efectos redacta la presente POL\u00cdTICA DE PRIVACIDAD, manifestando su firme voluntad y compromiso de actuar conforme a la legislaci\u00f3n vigente. LA TITULAR se reserva el derecho de modificar y\/o adaptar la presente POL\u00cdTICA DE PRIVACIDAD en cualquier momento.<\/p><p>A los efectos de la presente POL\u00cdTICA DE PRIVACIDAD, LA TITULAR declara cumplir con las exigencias previstas por la normativa aplicable, relativas al tratamiento automatizado de los datos libre y voluntariamente aportados por los usuarios del SITIO WEB, que pasan a formar parte de los ficheros propiedad de LA TITULAR, debidamente inscritos en la Comiss\u00e3o Nacional de Protec\u00e7ao de Dados (Portugal).<\/p><p>Asimismo, LA TITULAR garantiza que dispone de las medidas t\u00e9cnicas y de seguridad necesarias y suficientes a los efectos de asegurar la correspondiente confidencialidad, integridad y seguridad de los datos recibidos y almacenados, para evitar su p\u00e9rdida y acceso por parte de terceros no autorizados.<\/p><p>La aportaci\u00f3n de datos personales por parte de los usuarios ser\u00e1 siempre Voluntaria, teniendo en cuenta que dicha la aportaci\u00f3n de datos podr\u00e1 requerir una cumplimentaci\u00f3n de los datos que se solicitan, de forma completa, a los efectos de que LA TITULAR pueda contestar debida y adecuadamente a las consultas que se realicen a trav\u00e9s de su formulario. Por tanto, se entiende que la solicitud de datos de car\u00e1cter personal por parte de LA TITULAR tendr\u00e1 por finalidad la adecuada contestaci\u00f3n a preguntas de los usuarios.<\/p><p>LA TITULAR garantiza en la presente POL\u00cdTICA DE PRIVACIDAD que los datos de car\u00e1cter personal, recogidos y debidamente almacenados en sus ficheros, no ser\u00e1n cedidos a terceros en ning\u00fan caso sin consentimiento previo, expreso e inequ\u00edvoco, de los titulares de los mismos.<\/p><p>Asimismo, los usuarios del SITIO WEB se comprometen, de acuerdo a los T\u00c9RMINOS Y CONDICIONES DE USO y la presente POL\u00cdTICA DE PRIVACIDAD, a asegurar la correspondiente veracidad de los datos aportados, en la medida en que tal veracidad es necesaria para una apropiada contestaci\u00f3n por parte de LA TITULAR.<\/p><p>LA TITULAR garantiza en todo caso al usuario, conforme a la legislaci\u00f3n vigente, el ejercicio de sus derechos de acceso, rectificaci\u00f3n, cancelaci\u00f3n y oposici\u00f3n respecto de sus datos. A los efectos de ejercer estos derechos, todo usuario podr\u00e1 remitir una solicitud expresa de ejercicio, acreditando debidamente su identidad a\u00a0<a href=\"mailto:consulta@psicoterapialisboa.com\">Consulta@PsicoterapiaLisboa.com<\/a>.<\/p>    <\/div>\n<\/div>\n<!-- \/module text -->\t\t<\/div>\n\t\t\t\t\t\t<\/div>\n\t\t<\/div>\n\t\t<\/div>\n<!--\/themify_builder_content-->\n","protected":false},"excerpt":{"rendered":"<p>TheOwner guarantees the User of this Site respect for their privacy. &nbsp; A visit to this Site, by itself, does not automatically imply the registration, of any personal data that identifies the User. However, the use of certain content or services may require the provision of personal data by the User. &nbsp; This Privacy Policy [&hellip;]<\/p>\n","protected":false},"author":1,"featured_media":0,"parent":0,"menu_order":0,"comment_status":"closed","ping_status":"closed","template":"","meta":{"footnotes":""},"_links":{"self":[{"href":"https:\/\/psicoterapialisboa.com\/psicoterapialisboa\/wp-json\/wp\/v2\/pages\/1072"}],"collection":[{"href":"https:\/\/psicoterapialisboa.com\/psicoterapialisboa\/wp-json\/wp\/v2\/pages"}],"about":[{"href":"https:\/\/psicoterapialisboa.com\/psicoterapialisboa\/wp-json\/wp\/v2\/types\/page"}],"author":[{"embeddable":true,"href":"https:\/\/psicoterapialisboa.com\/psicoterapialisboa\/wp-json\/wp\/v2\/users\/1"}],"replies":[{"embeddable":true,"href":"https:\/\/psicoterapialisboa.com\/psicoterapialisboa\/wp-json\/wp\/v2\/comments?post=1072"}],"version-history":[{"count":0,"href":"https:\/\/psicoterapialisboa.com\/psicoterapialisboa\/wp-json\/wp\/v2\/pages\/1072\/revisions"}],"wp:attachment":[{"href":"https:\/\/psicoterapialisboa.com\/psicoterapialisboa\/wp-json\/wp\/v2\/media?parent=1072"}],"curies":[{"name":"wp","href":"https:\/\/api.w.org\/{rel}","templated":true}]}}